{"id":73,"date":"2024-05-07T20:02:08","date_gmt":"2024-05-07T23:02:08","guid":{"rendered":"https:\/\/info.ultradesk.com.br\/?page_id=73"},"modified":"2025-05-28T12:56:26","modified_gmt":"2025-05-28T15:56:26","slug":"financeiro-tabelas","status":"publish","type":"page","link":"https:\/\/info.ultradesk.com.br\/?page_id=73","title":{"rendered":"Financeiro &#8211; Tabelas"},"content":{"rendered":"\n<p>As tabelas definem e classificam os lan\u00e7amentos financeiros realizados nas p\u00e1ginas de Pagamentos e Recebimentos.<\/p>\n\n\n\n<h3 class=\"wp-block-heading\">Categorias<\/h3>\n\n\n\n<p>Agrupa as contas em conjuntos.<\/p>\n\n\n\n<p>Est\u00e3o divididas em tipos:<\/p>\n\n\n\n<ul class=\"wp-block-list\">\n<li>Receitas operacionais (vendas de produtos, presta\u00e7\u00e3o de servi\u00e7os)<\/li>\n\n\n\n<li>Receitas n\u00e3o operacionais (juros, alugu\u00e9is)<\/li>\n\n\n\n<li>Despesas fixas (sal\u00e1rios, seguros, contratos)<\/li>\n\n\n\n<li>Despesas vari\u00e1veis (comiss\u00f5es, materiais)<\/li>\n<\/ul>\n\n\n\n<p>Estes tipos filtram as contas a serem utilizadas em pagamentos e recebimentos. Contas de categorias cujo tipo \u00e9 de despesa s\u00e3o exibidas para escolha em pagamentos. Contas de categorias cujo tipo \u00e9 de receita s\u00e3o exibidas para escolha em recebimentos.<\/p>\n\n\n\n<h3 class=\"wp-block-heading\">Contas<\/h3>\n\n\n\n<p><\/p>\n\n\n\n<h3 class=\"wp-block-heading\">Carteiras<\/h3>\n\n\n\n<p>Definem os locais onde pagamentos e recebimentos ser\u00e3o registrados quando quitados para cada unidade de neg\u00f3cio.<\/p>\n\n\n\n<p>Exemplos de carteiras:<\/p>\n\n\n\n<ul class=\"wp-block-list\">\n<li>contas correntes banc\u00e1rias<\/li>\n\n\n\n<li>caixa da empresa<\/li>\n\n\n\n<li>contas de investimentos<\/li>\n\n\n\n<li>cart\u00f5es de cr\u00e9dito\/d\u00e9bito<\/li>\n<\/ul>\n\n\n\n<p>Banco, ag\u00eancia e conta s\u00e3o opcionais para o cadastro mas devem ser definidos para as carteiras que ser\u00e3o utilizadas na concilia\u00e7\u00e3o banc\u00e1ria.<\/p>\n\n\n\n<p>Cada carteira possui uma tabela de saldo com o valor do fechamento mensal para controle do mesmo.<\/p>\n\n\n\n<h3 class=\"wp-block-heading\">Centros<\/h3>\n\n\n\n<p><\/p>\n","protected":false},"excerpt":{"rendered":"<p>As tabelas definem e classificam os lan\u00e7amentos financeiros realizados nas p\u00e1ginas de Pagamentos e Recebimentos. Categorias Agrupa as contas em conjuntos. Est\u00e3o divididas em tipos: Estes tipos filtram as contas a serem utilizadas em pagamentos e recebimentos. Contas de categorias cujo tipo \u00e9 de despesa s\u00e3o exibidas para escolha em pagamentos. Contas de categorias cujo [&hellip;]<\/p>\n","protected":false},"author":1,"featured_media":0,"parent":0,"menu_order":0,"comment_status":"closed","ping_status":"closed","template":"","meta":{"footnotes":""},"class_list":["post-73","page","type-page","status-publish","hentry"],"blocksy_meta":[],"_links":{"self":[{"href":"https:\/\/info.ultradesk.com.br\/index.php?rest_route=\/wp\/v2\/pages\/73","targetHints":{"allow":["GET"]}}],"collection":[{"href":"https:\/\/info.ultradesk.com.br\/index.php?rest_route=\/wp\/v2\/pages"}],"about":[{"href":"https:\/\/info.ultradesk.com.br\/index.php?rest_route=\/wp\/v2\/types\/page"}],"author":[{"embeddable":true,"href":"https:\/\/info.ultradesk.com.br\/index.php?rest_route=\/wp\/v2\/users\/1"}],"replies":[{"embeddable":true,"href":"https:\/\/info.ultradesk.com.br\/index.php?rest_route=%2Fwp%2Fv2%2Fcomments&post=73"}],"version-history":[{"count":9,"href":"https:\/\/info.ultradesk.com.br\/index.php?rest_route=\/wp\/v2\/pages\/73\/revisions"}],"predecessor-version":[{"id":323,"href":"https:\/\/info.ultradesk.com.br\/index.php?rest_route=\/wp\/v2\/pages\/73\/revisions\/323"}],"wp:attachment":[{"href":"https:\/\/info.ultradesk.com.br\/index.php?rest_route=%2Fwp%2Fv2%2Fmedia&parent=73"}],"curies":[{"name":"wp","href":"https:\/\/api.w.org\/{rel}","templated":true}]}}