{"id":71,"date":"2024-05-07T20:01:40","date_gmt":"2024-05-07T23:01:40","guid":{"rendered":"https:\/\/info.ultradesk.com.br\/?page_id=71"},"modified":"2024-11-01T10:00:40","modified_gmt":"2024-11-01T13:00:40","slug":"fluxo-de-caixa","status":"publish","type":"page","link":"https:\/\/info.ultradesk.com.br\/?page_id=71","title":{"rendered":"Fluxo de Caixa"},"content":{"rendered":"\n<p>O fluxo de caixa demonstra a evolu\u00e7\u00e3o do saldo da carteira dentro do per\u00edodo selecionado.<\/p>\n","protected":false},"excerpt":{"rendered":"<p>O fluxo de caixa demonstra a evolu\u00e7\u00e3o do saldo da carteira dentro do per\u00edodo selecionado.<\/p>\n","protected":false},"author":1,"featured_media":0,"parent":0,"menu_order":0,"comment_status":"closed","ping_status":"closed","template":"","meta":{"footnotes":""},"class_list":["post-71","page","type-page","status-publish","hentry"],"blocksy_meta":[],"_links":{"self":[{"href":"https:\/\/info.ultradesk.com.br\/index.php?rest_route=\/wp\/v2\/pages\/71","targetHints":{"allow":["GET"]}}],"collection":[{"href":"https:\/\/info.ultradesk.com.br\/index.php?rest_route=\/wp\/v2\/pages"}],"about":[{"href":"https:\/\/info.ultradesk.com.br\/index.php?rest_route=\/wp\/v2\/types\/page"}],"author":[{"embeddable":true,"href":"https:\/\/info.ultradesk.com.br\/index.php?rest_route=\/wp\/v2\/users\/1"}],"replies":[{"embeddable":true,"href":"https:\/\/info.ultradesk.com.br\/index.php?rest_route=%2Fwp%2Fv2%2Fcomments&post=71"}],"version-history":[{"count":2,"href":"https:\/\/info.ultradesk.com.br\/index.php?rest_route=\/wp\/v2\/pages\/71\/revisions"}],"predecessor-version":[{"id":227,"href":"https:\/\/info.ultradesk.com.br\/index.php?rest_route=\/wp\/v2\/pages\/71\/revisions\/227"}],"wp:attachment":[{"href":"https:\/\/info.ultradesk.com.br\/index.php?rest_route=%2Fwp%2Fv2%2Fmedia&parent=71"}],"curies":[{"name":"wp","href":"https:\/\/api.w.org\/{rel}","templated":true}]}}