{"id":65,"date":"2024-05-07T20:00:26","date_gmt":"2024-05-07T23:00:26","guid":{"rendered":"https:\/\/info.ultradesk.com.br\/?page_id=65"},"modified":"2025-10-24T11:44:06","modified_gmt":"2025-10-24T14:44:06","slug":"pagamentos","status":"publish","type":"page","link":"https:\/\/info.ultradesk.com.br\/?page_id=65","title":{"rendered":"Pagamentos\/Recebimentos"},"content":{"rendered":"\n<p>Os pagamentos\/recebimentos, aqui chamados de lan\u00e7amentos, s\u00e3o registros de documentos financeiros de cobran\u00e7a (faturas, boletos, contratos, etc.) emitidos por pessoas (f\u00edsicas ou jur\u00eddicas) a ser honrada pelo pagador.<\/p>\n\n\n\n<h2 class=\"wp-block-heading\">Requisitos<\/h2>\n\n\n\n<ul class=\"wp-block-list\">\n<li>Unidade de neg\u00f3cio como pagador\/recebedor<\/li>\n\n\n\n<li>Pessoa f\u00edsica ou jur\u00eddica como recebedor\/pagador (cliente, fornecedor ou transportadora)<\/li>\n\n\n\n<li>Carteira<\/li>\n\n\n\n<li>Conta<\/li>\n\n\n\n<li>Documento<\/li>\n\n\n\n<li>Valor original<\/li>\n<\/ul>\n\n\n\n<h2 class=\"wp-block-heading\">A\u00e7\u00f5es<\/h2>\n\n\n\n<figure class=\"wp-block-table is-style-stripes\"><table><thead><tr><th>Nome<\/th><th>Descri\u00e7\u00e3o<\/th><\/tr><\/thead><tbody><tr><td>Inserir<\/td><td>Registra novo lan\u00e7amento. Bloqueia repeti\u00e7\u00f5es de documento + pessoa + parcela.<\/td><\/tr><tr><td>Editar<\/td><td><\/td><\/tr><tr><td>Consultar<\/td><td><\/td><\/tr><tr><td>Quitar<\/td><td><\/td><\/tr><tr><td>Estornar<\/td><td><\/td><\/tr><tr><td>Cancelar<\/td><td>Troca a posi\u00e7\u00e3o do lan\u00e7amento para &#8220;Cancelado&#8221;. Essa a\u00e7\u00e3o \u00e9 irrevers\u00edvel.<\/td><\/tr><tr><td>Inverter<\/td><td>Troca o tipo de pagamento para recebimento e vice-versa do lan\u00e7amento aberto, sem recorr\u00eancia e sem parcelas (somente dispon\u00edvel no formul\u00e1rio do lan\u00e7amento).<\/td><\/tr><\/tbody><\/table><\/figure>\n\n\n\n<h2 class=\"wp-block-heading\">Eventos<\/h2>\n\n\n\n<p>Na execu\u00e7\u00e3o de uma a\u00e7\u00e3o existe um evento correspondente, registrado automaticamente, que marca a data e o usu\u00e1rio que a realizou para efeito de auditoria. Esses eventos s\u00e3o exclusivos de cada lan\u00e7amento e podem ser consultados a qualquer momento.<\/p>\n\n\n\n<h2 class=\"wp-block-heading\">Restri\u00e7\u00f5es<\/h2>\n\n\n\n<p>Cada lan\u00e7amento possui a restri\u00e7\u00e3o de n\u00e3o permitir um mesmo documento\/parcela de um mesmo pagador\/recebedor em uma mesma data de vencimento.<\/p>\n\n\n\n<h2 class=\"wp-block-heading\">Fluxo<\/h2>\n\n\n\n<p>A posi\u00e7\u00e3o de cada lan\u00e7amento passa pelas seguintes fases, permitindo as a\u00e7\u00f5es correspondentes:<\/p>\n\n\n\n<figure class=\"wp-block-table is-style-stripes\"><table><thead><tr><th class=\"has-text-align-left\" data-align=\"left\">Posi\u00e7\u00e3o<\/th><th class=\"has-text-align-left\" data-align=\"left\">A\u00e7\u00f5es Permitidas<\/th><\/tr><\/thead><tbody><tr><td class=\"has-text-align-left\" data-align=\"left\">Aberto<\/td><td class=\"has-text-align-left\" data-align=\"left\">Editar, Revisar, Quitar, Cancelar<\/td><\/tr><tr><td class=\"has-text-align-left\" data-align=\"left\">Quitado<\/td><td class=\"has-text-align-left\" data-align=\"left\">Estornar, Cancelar<\/td><\/tr><tr><td class=\"has-text-align-left\" data-align=\"left\">Cancelado<\/td><td class=\"has-text-align-left\" data-align=\"left\">Estornar<\/td><\/tr><\/tbody><\/table><\/figure>\n\n\n\n<h2 class=\"wp-block-heading\">Campos<\/h2>\n\n\n\n<figure class=\"wp-block-table is-style-stripes\"><table><thead><tr><th class=\"has-text-align-left\" data-align=\"left\">Nome<\/th><th class=\"has-text-align-left\" data-align=\"left\">Descri\u00e7\u00e3o<\/th><\/tr><\/thead><tbody><tr><td class=\"has-text-align-left\" data-align=\"left\">Pagador<\/td><td class=\"has-text-align-left\" data-align=\"left\">Unidade de Neg\u00f3cio\/Pessoa respons\u00e1vel pelo pagamento.<\/td><\/tr><tr><td class=\"has-text-align-left\" data-align=\"left\">Carteira<\/td><td class=\"has-text-align-left\" data-align=\"left\">Local de onde o recurso ser\u00e1 retirado para realizar o pagamento ou onde o recurso ser\u00e1 depositado. \u00c9 permitida a escolha das carteiras associadas com a unidade de neg\u00f3cio e tamb\u00e9m das carteiras da matriz de acordo com a rela\u00e7\u00e3o entre os CNPJ.<\/td><\/tr><tr><td class=\"has-text-align-left\" data-align=\"left\">Valor a Quitar<\/td><td class=\"has-text-align-left\" data-align=\"left\">O valor a quitar \u00e9 composto do valor original mais encargos (juros, multa e desconto).<br>Os juros e multa s\u00e3o definidos na forma de porcentagem ou valor. S\u00e3o calculados a partir do vencimento do documento e o valor resultante \u00e9 adicionado ao valor a quitar.<br>O desconto \u00e9 definido na forma de porcentagem ou valor e \u00e9 deduzido do valor a quitar se a data atual for anterior ao dia do vencimento.<\/td><\/tr><tr><td class=\"has-text-align-left\" data-align=\"left\"><\/td><td class=\"has-text-align-left\" data-align=\"left\"><\/td><\/tr><\/tbody><\/table><\/figure>\n\n\n\n<h2 class=\"wp-block-heading\">Parcelas<\/h2>\n\n\n\n<p>Um lan\u00e7amento pode ser desdobrado em um n\u00famero de parcelas atrav\u00e9s de um assistente que automatiza a cria\u00e7\u00e3o dos demais lan\u00e7amentos.<\/p>\n\n\n\n<p>Cada parcela desdobrada \u00e9 um lan\u00e7amento. Cancelar o lan\u00e7amento de uma parcela n\u00e3o altera a quantidade total de parcelas. Excluir uma parcela aberta altera a quantidade total de parcelas.<\/p>\n\n\n\n<p>N\u00e3o \u00e9 permitido o cancelamento ou exclus\u00e3o de uma parcela quitada. A mesma dever\u00e1 ser estornada se necess\u00e1rio.<\/p>\n\n\n\n<p>Qualquer parcela aberta pode ser cancelada mas apenas a \u00faltima parcela pode ser exclu\u00edda por efeito do rec\u00e1lculo da quantidade total de parcelas e para evitar quebra na sequencia.<\/p>\n\n\n\n<h2 class=\"wp-block-heading\">Recorr\u00eancias<\/h2>\n\n\n\n<p>Um lan\u00e7amento pode ser definido como &#8220;recorrente&#8221;. Dessa forma ele aparecer\u00e1 sequencialmente dentro do per\u00edodo definido at\u00e9 o final do pr\u00f3ximo ano fiscal, podendo ser renovado at\u00e9 ser inativado manualmente.<\/p>\n\n\n\n<p>Esse lan\u00e7amento n\u00e3o pode ter sido utilizado anteriormente como fonte de uma recorr\u00eancia, nem pertencer a uma s\u00e9rie de parcelas. A data de emiss\u00e3o dever\u00e1 estar dentro do ano corrente.<\/p>\n\n\n\n<p>Lan\u00e7amentos gerados por recorr\u00eancia tem o documento registrado seguido de um identificador ano + sequ\u00eancia. Ex.: &#8220;CT 789 (25\/001)&#8221;.<\/p>\n\n\n\n<p>O vencimento de cada lan\u00e7amento gerado poder\u00e1 ser alterado automaticamente para a pr\u00f3xima Segunda caso o par\u00e2metro &#8220;financeiro.recorrencias.vencimentos_em_finais_de_semana&#8221; esteja marcado com o valor &#8220;N&#8221;.<\/p>\n\n\n\n<h2 class=\"wp-block-heading\">Integra\u00e7\u00e3o<\/h2>\n\n\n\n<p>Os lan\u00e7amentos tamb\u00e9m podem ser inseridos de forma autom\u00e1tica pela integra\u00e7\u00e3o com o m\u00f3dulo de compras.<\/p>\n\n\n\n<p><\/p>\n","protected":false},"excerpt":{"rendered":"<p>Os pagamentos\/recebimentos, aqui chamados de lan\u00e7amentos, s\u00e3o registros de documentos financeiros de cobran\u00e7a (faturas, boletos, contratos, etc.) emitidos por pessoas (f\u00edsicas ou jur\u00eddicas) a ser honrada pelo pagador. Requisitos A\u00e7\u00f5es Nome Descri\u00e7\u00e3o Inserir Registra novo lan\u00e7amento. Bloqueia repeti\u00e7\u00f5es de documento + pessoa + parcela. Editar Consultar Quitar Estornar Cancelar Troca a posi\u00e7\u00e3o do lan\u00e7amento para [&hellip;]<\/p>\n","protected":false},"author":1,"featured_media":0,"parent":0,"menu_order":0,"comment_status":"closed","ping_status":"closed","template":"","meta":{"footnotes":""},"class_list":["post-65","page","type-page","status-publish","hentry"],"blocksy_meta":[],"_links":{"self":[{"href":"https:\/\/info.ultradesk.com.br\/index.php?rest_route=\/wp\/v2\/pages\/65","targetHints":{"allow":["GET"]}}],"collection":[{"href":"https:\/\/info.ultradesk.com.br\/index.php?rest_route=\/wp\/v2\/pages"}],"about":[{"href":"https:\/\/info.ultradesk.com.br\/index.php?rest_route=\/wp\/v2\/types\/page"}],"author":[{"embeddable":true,"href":"https:\/\/info.ultradesk.com.br\/index.php?rest_route=\/wp\/v2\/users\/1"}],"replies":[{"embeddable":true,"href":"https:\/\/info.ultradesk.com.br\/index.php?rest_route=%2Fwp%2Fv2%2Fcomments&post=65"}],"version-history":[{"count":63,"href":"https:\/\/info.ultradesk.com.br\/index.php?rest_route=\/wp\/v2\/pages\/65\/revisions"}],"predecessor-version":[{"id":420,"href":"https:\/\/info.ultradesk.com.br\/index.php?rest_route=\/wp\/v2\/pages\/65\/revisions\/420"}],"wp:attachment":[{"href":"https:\/\/info.ultradesk.com.br\/index.php?rest_route=%2Fwp%2Fv2%2Fmedia&parent=65"}],"curies":[{"name":"wp","href":"https:\/\/api.w.org\/{rel}","templated":true}]}}