{"id":444,"date":"2026-04-11T20:39:44","date_gmt":"2026-04-11T23:39:44","guid":{"rendered":"https:\/\/info.ultradesk.com.br\/?page_id=444"},"modified":"2026-04-18T11:58:28","modified_gmt":"2026-04-18T14:58:28","slug":"regras-fiscais","status":"publish","type":"page","link":"https:\/\/info.ultradesk.com.br\/?page_id=444","title":{"rendered":"Regras Fiscais"},"content":{"rendered":"\n<p>Cada Regra Fiscal pode ser associada \u00e0 um NCM ou Produto.<\/p>\n\n\n\n<p>Elas indicam qual c\u00f3digo de benef\u00edcio fiscal usar no item da NF-e para a UF do emitente (Unidade de Neg\u00f3cio).<\/p>\n\n\n\n<p>O campo &#8220;Benef\u00edcios Fiscais&#8221; deve ser preenchido de acordo com o modelo abaixo.<\/p>\n\n\n\n<p>Ex.: {AM:{SP:SP001001,RJ:RJ990990}}<\/p>\n\n\n\n<p>Isso informa que o benef\u00edcio fiscal para uma NF-e emitida para AM atrav\u00e9s da unidade de neg\u00f3cio localizada em SP ser\u00e1 o c\u00f3digo SP001001. Caso a unidade de neg\u00f3cio esteja em RJ, o c\u00f3digo ser\u00e1 RJ990990.<\/p>\n\n\n\n<p>\u00c9 poss\u00edvel adicionar outros destinos criando uma nova regra, separando elas por uma v\u00edrgula.<br>Ex.: {AM:{SP:SP001001,RJ:RJ990990},AL:{SP:001021,RJ:990998}}<\/p>\n\n\n\n<p><\/p>\n","protected":false},"excerpt":{"rendered":"<p>Cada Regra Fiscal pode ser associada \u00e0 um NCM ou Produto. Elas indicam qual c\u00f3digo de benef\u00edcio fiscal usar no item da NF-e para a UF do emitente (Unidade de Neg\u00f3cio). O campo &#8220;Benef\u00edcios Fiscais&#8221; deve ser preenchido de acordo com o modelo abaixo. Ex.: {AM:{SP:SP001001,RJ:RJ990990}} Isso informa que o benef\u00edcio fiscal para uma NF-e [&hellip;]<\/p>\n","protected":false},"author":1,"featured_media":0,"parent":0,"menu_order":0,"comment_status":"closed","ping_status":"closed","template":"","meta":{"footnotes":""},"class_list":["post-444","page","type-page","status-publish","hentry"],"blocksy_meta":[],"_links":{"self":[{"href":"https:\/\/info.ultradesk.com.br\/index.php?rest_route=\/wp\/v2\/pages\/444","targetHints":{"allow":["GET"]}}],"collection":[{"href":"https:\/\/info.ultradesk.com.br\/index.php?rest_route=\/wp\/v2\/pages"}],"about":[{"href":"https:\/\/info.ultradesk.com.br\/index.php?rest_route=\/wp\/v2\/types\/page"}],"author":[{"embeddable":true,"href":"https:\/\/info.ultradesk.com.br\/index.php?rest_route=\/wp\/v2\/users\/1"}],"replies":[{"embeddable":true,"href":"https:\/\/info.ultradesk.com.br\/index.php?rest_route=%2Fwp%2Fv2%2Fcomments&post=444"}],"version-history":[{"count":5,"href":"https:\/\/info.ultradesk.com.br\/index.php?rest_route=\/wp\/v2\/pages\/444\/revisions"}],"predecessor-version":[{"id":452,"href":"https:\/\/info.ultradesk.com.br\/index.php?rest_route=\/wp\/v2\/pages\/444\/revisions\/452"}],"wp:attachment":[{"href":"https:\/\/info.ultradesk.com.br\/index.php?rest_route=%2Fwp%2Fv2%2Fmedia&parent=444"}],"curies":[{"name":"wp","href":"https:\/\/api.w.org\/{rel}","templated":true}]}}