{"id":241,"date":"2024-11-15T10:07:23","date_gmt":"2024-11-15T13:07:23","guid":{"rendered":"https:\/\/info.ultradesk.com.br\/?page_id=241"},"modified":"2024-11-15T10:07:23","modified_gmt":"2024-11-15T13:07:23","slug":"administracao","status":"publish","type":"page","link":"https:\/\/info.ultradesk.com.br\/?page_id=241","title":{"rendered":"Administra\u00e7\u00e3o"},"content":{"rendered":"\n<p>Dentro dessa \u00e1rea o ultraDESK oferece ferramentas para a gest\u00e3o dos dados comuns aos m\u00f3dulos.<\/p>\n","protected":false},"excerpt":{"rendered":"<p>Dentro dessa \u00e1rea o ultraDESK oferece ferramentas para a gest\u00e3o dos dados comuns aos m\u00f3dulos.<\/p>\n","protected":false},"author":1,"featured_media":0,"parent":0,"menu_order":0,"comment_status":"closed","ping_status":"closed","template":"","meta":{"footnotes":""},"class_list":["post-241","page","type-page","status-publish","hentry"],"blocksy_meta":[],"_links":{"self":[{"href":"https:\/\/info.ultradesk.com.br\/index.php?rest_route=\/wp\/v2\/pages\/241","targetHints":{"allow":["GET"]}}],"collection":[{"href":"https:\/\/info.ultradesk.com.br\/index.php?rest_route=\/wp\/v2\/pages"}],"about":[{"href":"https:\/\/info.ultradesk.com.br\/index.php?rest_route=\/wp\/v2\/types\/page"}],"author":[{"embeddable":true,"href":"https:\/\/info.ultradesk.com.br\/index.php?rest_route=\/wp\/v2\/users\/1"}],"replies":[{"embeddable":true,"href":"https:\/\/info.ultradesk.com.br\/index.php?rest_route=%2Fwp%2Fv2%2Fcomments&post=241"}],"version-history":[{"count":1,"href":"https:\/\/info.ultradesk.com.br\/index.php?rest_route=\/wp\/v2\/pages\/241\/revisions"}],"predecessor-version":[{"id":242,"href":"https:\/\/info.ultradesk.com.br\/index.php?rest_route=\/wp\/v2\/pages\/241\/revisions\/242"}],"wp:attachment":[{"href":"https:\/\/info.ultradesk.com.br\/index.php?rest_route=%2Fwp%2Fv2%2Fmedia&parent=241"}],"curies":[{"name":"wp","href":"https:\/\/api.w.org\/{rel}","templated":true}]}}